*x**3 + 8*x**2 - 47*x + 170. Let t(i) = 23*i**3 - 50*i**2 + 279*i - 1019. Let y(o) = 3*t(o) + 17*u(o). What is y(12)?
1
Let g(d) be the third derivative of d**4/6 - 35*d**3/6 + 25*d**2 + 2*d + 16. What is g(-11)?
-79
Let u(z) be the second derivative of 19*z**4/6 - z**3 - 5*z**2/2 - 2*z - 6411. Give u(-1).
39
Let p(x) = 7*x**2 + x + 258. Let v(a) = -2*a**2 - a - 4. Let w(k) = p(k) + 4*v(k). What is w(-17)?
4
Let t(v) = -v**3 + v**2 + v + 7. Let w(u) = 3*u - 18. Let n be w(6). Let f = 108 + -103. Suppose -7*a - f + 5 = n. Calculate t(a).
7
Let i(f) be the second derivative of -f**3/2 - 15*f**2/2 + 18*f. Let z(m) = m. Let v(a) = -i(a) - 5*z(a). Let u be v(9). Let y(c) = 4*c. Determine y(u).
-12
Let w = -1368 + 32837/24. Let q(b) be the third derivative of -1/3*b**3 + 0 - 1/120*b**6 + 1/10*b**5 + 0*b - w*b**4 - 35*b**2. Calculate q(5).
-2
Let f(a) be the third derivative of -a**4/6 - a**3/3 - 54*a**2 - 2*a. Let y = 9 + -6. Suppose 2*d - d = y. Give f(d).
-14
Let v(s) = 14*s + 21 - 2*s - 32 - 2*s + 42. Calculate v(-10).
-69
Let q(d) = -3*d + 23. Suppose 4*h + 6*z = 3*z + 143, 3*h = 4*z + 101. Suppose 9*k + 46 = 13*k - 5*b, -h = -5*k - 5*b. Calculate q(k).
-4
Let i(u) = -3*u**2 + 1790 + 0*u - 1800 - 5*u - u**2 - u**3. Give i(-4).
10
Let u(k) = -k**3 - 8*k**2 - 9*k - 3. Suppose 0 = -26*j + j + 275. Let p(s) = -s**2 + 8*s + 27. Let o be p(j). What is u(o)?
-21
Suppose k = 5*k - 12. Suppose 4*m = 5 + k. Let h(t) = 7*t**m - 7*t + 5*t + 4 + t**3 - 2 - 8. Calculate h(-7).
8
Let x(v) = -v**2 - 9*v + 6. Suppose -7*z + 117 = -20*z. Calculate x(z).
6
Let p(m) be the second derivative of -m**4/6 - m**3/3 + 4*m**2 - 32*m + 2. Determine p(7).
-104
Let r = 323 + -317. Let u(o) = -o - 31. Let n(m) = m + 34. Let p(h) = r*u(h) + 5*n(h). Give p(-8).
-8
Let i(s) = -s**3 - 11*s**2 + s - 3. Let g(d) = d**3 + 10*d**2 + 3. Suppose 2*c + u - 33 = -3*c, 0 = -5*c - 3*u + 39. Let r(o) = c*g(o) + 5*i(o). What is r(-3)?
6
Let b be 680/(-1530)*81/6. Let s(o) = -o**3 + 2*o + 6 + 0*o - 6*o**2 + 0*o. Determine s(b).
-6
Let d(u) = u**3 - 10*u**2 + 7*u + 22. Let b = 308 + -277. Suppose 0 = 4*z + 2*m - m - b, -5*z - 5*m = -20. Determine d(z).
4
Let r(x) = -63 + 51 + 118 - 2070*x + x**2 + 2092*x. Calculate r(-13).
-11
Suppose -2*r + 216*s + 16 = 219*s, -r - 3*s + 11 = 0. Let m(k) = -k**3 + 7*k**2 + k - 8. Determine m(r).
47
Let r(i) = -i - 9. Suppose -4*p = l - 66, -4*l + 2*p = 5*p - 225. Suppose -l*s - 81 = -63*s. Calculate r(s).
-18
Let z(i) be the first derivative of 2*i**3/3 + 16*i - 4210. Determine z(8).
144
Let c(d) = 280*d - 216. Let w(r) = -39*r + 31. Let o(a) = 3*c(a) + 20*w(a). Determine o(1).
32
Let b be (9 - 18 - -10)*(1 + 1). Let i(u) = 148*u + u**2 + 3*u**b - 77*u - 5*u**2 + 19 - 61*u. Calculate i(11).
8
Let i(k) = -22*k**2 - 5*k + 4. Let v be (-147)/(-35) + 1 + (-12)/10. Let a(m) = -21*m**2 - 6*m + 5. Let x(u) = v*a(u) - 5*i(u). Calculate x(-1).
25
Suppose 0*l + 2*l + 20 = 0. Let z(p) = -8180*p**2 - 14 + 4080*p**2 + 2*p + 6*p + 4101*p**2. Calculate z(l).
6
Suppose -3*o - 6*i + 1 = -10*i, 4*i - 65 = -3*o. Let g(f) = -f**2 - 22*f + 361. Give g(o).
-2
Let j(t) be the second derivative of -1/12*t**4 + 0 + 1/6*t**3 + t - 11/2*t**2. Let p = 2760 + -2760. Calculate j(p).
-11
Let h = -22 + 21. Let v(b) = 169*b - b**2 - 2 - 2 + 5 - 170*b. Let x(y) = y**3 + 7*y**2 + y - 2. Let j(u) = h*x(u) - 3*v(u). Give j(-4).
-9
Let u(c) = c**2 - 5*c - 1. Let w(a) = a**3 + 6*a**2 - a - 4. Let n be w(-6). Suppose 3*p - 3*r = 15, -5*p - 2*r = -n*p - 15. Determine u(p).
-1
Let v(l) = l**3 - 8*l**2 + 5*l + 10. Suppose 0 = 4*g - 4*f - 4, 0*g - 5*f + 23 = 2*g. Suppose -4 = 4*c, -18 = -2*p - 0*c + g*c. Calculate v(p).
-4
Let d(p) be the second derivative of -p**3/6 - 7*p**2/2 - 93*p + 4. What is d(7)?
-14
Let f(w) = -w**3 + 2*w - 3*w**2 - w**2 + 18 - 2 - 2 - 7*w**2. Let d be -2*(38/4 - 4). Calculate f(d).
-8
Suppose 0 = -5*d + m + 2*m - 534, 5*m - 98 = d. Let r = d + 107. Let w(b) = -21*b**3 - 2*b**2 + 1. Calculate w(r).
20
Let a(l) be the third derivative of 5*l**4/24 + l**3/3 - 97*l**2 + 2. Let b be 3 + 0 + (1 - 26). Let m = -24 - b. Give a(m).
-8
Let m be 1/((-16)/(-96)) + 2. Let r(t) = -t**3 + 8*t**2 + 2*t - 12. Determine r(m).
4
Let q(k) = -14*k + 167 - 780 - 8*k - 664. Calculate q(-58).
-1
Suppose -3*b - 144 = 3*n, 5*b - 7 + 279 = 3*n. Let z = b + 57. Let r(x) = -24 - 3*x + z + 3*x - x - x**2. Determine r(0).
-19
Let i(w) = -15*w**3 + 3*w**2 + 12*w - 46. Let k(f) = -7*f**3 + f**2 + 6*f - 22. Let s(d) = -6*i(d) + 13*k(d). Determine s(-6).
-10
Let y(s) = -4*s + 4*s + 8*s + s - 4*s - 103. Give y(21).
2
Let h(u) be the third derivative of -u**6/120 + u**5/15 + 7*u**4/24 + 2*u**3/3 + 2622*u**2. Calculate h(6).
-26
Suppose 0 = -4*x + 2*d + 28, -176*d = -179*d + 18. Let l(b) be the second derivative of -b**4/12 + 4*b**3/3 + 5*b**2 - b. Give l(x).
-10
Suppose 3*l + l - 284 = 4*a, -l - 5*a = -83. Suppose y + 29 = 2*q, 4*q + l = 8*q - 5*y. Let b(t) = -10*t - q*t**3 + 3 + 10*t**2 + 24*t**3 - 13*t**3. Give b(9).
-6
Let k(o) = o**3 + 2*o**2 - 5*o + 6. Suppose 0 = -y + 5*v - 30, 32*y = 34*y + 2*v. Determine k(y).
-44
Let z be 0/(-2) + -3 + 23. Let x = z - 21. Let u(k) be the first derivative of -3*k**4/4 - k - 734. Calculate u(x).
2
Let f(z) be the first derivative of -z**4/4 + 2*z**3 - 3*z**2 + 4*z - 111. Determine f(5).
-1
Let o(t) = -983*t - 2 + 2019*t - 1041*t. What is o(3)?
-17
Let b = 98 - 104. Let y be (b/9 + (-7)/(-21))*-3. Let j(d) = 12*d**2 + 8*d + 14. Let r(n) = -4*n**2 - 3*n - 5. Let q(u) = 4*j(u) + 11*r(u). Give q(y).
4
Let u(n) = -9*n**3 - 3*n**2 + 10*n + 8. Let w(d) = -2*d**3 - 3*d**2 + 2*d + 2. Let h(s) = -u(s) + 4*w(s). What is h(9)?
-18
Let f(v) = v**2 + 4*v + 2. Let r be 2/(-6) + (-29)/3. Let c = r + 14. Suppose -5*k + 1 = -x - 3*k, -c*k - 1 = -x. Calculate f(x).
-1
Let b(z) = z**3 + 6*z**2 + 7*z. Let y = 371 + -381. Let u be (15/y)/(35/10 - 3). Calculate b(u).
6
Let n(b) = -b**3 - 2*b**2. Let i be n(0). Suppose i = s + s - 3*g - 19, -s + g = -8. Let c(o) = 27*o**3 - 29*o**3 - o + s*o**2 - 2*o**2 + 1. Determine c(2).
-5
Let x(d) = 23*d - 17. Suppose 5*p - 25 = l, l + 404 = -2*p + 421. Determine x(l).
98
Let q(f) be the third derivative of 23*f**4/24 - f**3/6 - 23544*f**2. Suppose -1 = r - 3. Let y = -3 + r. Calculate q(y).
-24
Let i(l) = -l**2 + 21*l - 8. Let z be (-36)/(-32)*2*(3 + (-38)/(-6)). What is i(z)?
-8
Let h be 14/6*((-1056)/(-28))/22. Let y(o) be the third derivative of 7/24*o**h - 3*o**2 - 2/3*o**3 + 0 + 0*o. Give y(3).
17
Let r(k) = 2*k + 16*k - 13*k - 3 - 4*k. Let n(u) = u - 3. Let l(h) = 3*n(h) - 2*r(h). Determine l(-4).
-7
Let n(v) be the first derivative of -v**4/4 - 4*v**3/3 + 3*v**2 - 7*v + 1. Let u = -2419 + 2414. What is n(u)?
-12
Let n(a) = -2*a**2 - 73*a + 40. Let v(c) = -6*c**2 - 200*c + 118. Let m(q) = 8*n(q) - 3*v(q). Determine m(-14).
134
Let p(m) = -87*m + 159. Let b(v) = -38*v + 80. Let c(z) = -5*b(z) + 2*p(z). Determine c(5).
-2
Let b = 99 - 83. Let q be 1/1 + -4 + 18. Let u = q - b. Let z(y) = -7*y**3 - 2*y - 1. Determine z(u).
8
Suppose 24*h = 14*h + 50. Let t(u) = -u**3 + 3*u**2 + 11*u - 4. Let a be t(h). Let l(v) = -23*v**2 + v. Give l(a).
-22
Let c be (-33)/4 - (-4)/48*3. Let a(z) = 33*z + 1. Let i be a(1). Let s(t) = -10 + t + i - 20. Give s(c).
-4
Let y(j) = j**2 + 8*j - 6. Let f be y(-9). Let p(t) = -136 + t**f + 281 - 144 + 2*t + 4*t**2. Give p(-3).
4
Let n be 40/(-14) + 1*(40/(-28))/10. Let b(s) be the second derivative of -s**4/12 - s**3 - 7*s**2/2 + 5*s. Calculate b(n).
2
Let d(t) be the first derivative of -t**4/4 + 11*t**3/3 + 11*t**2/2 - 4*t + 5191. Let m = 12 + 0. What is d(m)?
-16
Let u(o) = o**2 + 15*o + 29. Let c = -381 - -1044. Let q = 651 - c. What is u(q)?
-7
Suppose -5*v + 5 = -0. Let g(j) = 557*j - 2. Let f(l) = 302*l - 1. Let n(i) = -11*f(i) + 6*g(i). Determine n(v).
19
Let b(f) = 4*f**2 + f. Let w = -538 - -537. Let g be b(w). Let z(n) = -2*n**2 + n. Give z(g).
-15
Let n(y) = y**2 + 4*y + 1. Let p(x) = 3 - 4 + 58*x - 57*x. Let d(j) = -n(j) - 4*p(j). Calculate d(-7).
10
Let z(q) = q**3 + 12*q**2 - 40*q - 520. Let w be z(-7). Let p(d) = -26*d + 92. Determine p(w).
-38
Let x(h) = h**3 + 2*h - 3. Let q be (-3)/(4/(-12) - 4/6). Suppose -2*k - 2*v - q*v - 10 = 0, -5*k + 3*v = -37. Suppose 0 = -k*b + 10*b - 10. Determine x(b).
9
Suppose